common divisor of 7875 and 4032?
63
What is the greatest common factor of 97 and 123966?
97
Calculate the highest common divisor of 2385 and 25175.
265
Calculate the highest common divisor of 528 and 135300.
132
Calculate the highest common divisor of 4747 and 4559.
47
Calculate the highest common factor of 222251 and 230407.
2039
What is the highest common factor of 754362 and 308?
14
Calculate the highest common divisor of 191644 and 4.
4
What is the greatest common divisor of 16638 and 658?
94
What is the greatest common divisor of 12948 and 2656?
332
What is the highest common divisor of 119130 and 1650?
330
What is the greatest common factor of 17660 and 640?
20
Calculate the highest common factor of 78464 and 336.
16
Calculate the greatest common divisor of 7784 and 1231818.
1946
What is the highest common divisor of 27660 and 660?
60
What is the greatest common divisor of 53 and 576905?
53
Calculate the highest common divisor of 38 and 40134.
2
Calculate the greatest common factor of 30 and 152175.
15
What is the greatest common factor of 1168 and 79789?
73
Calculate the highest common divisor of 5725 and 18320.
1145
What is the greatest common factor of 308 and 60060?
308
What is the greatest common divisor of 66800 and 7200?
400
Calculate the highest common factor of 2803940 and 60.
20
Calculate the highest common factor of 103491 and 6.
3
Calculate the highest common divisor of 3080 and 5699540.
1540
What is the greatest common factor of 75696 and 114?
114
Calculate the highest common factor of 40330 and 66970.
370
What is the greatest common factor of 33370 and 14200?
710
What is the highest common factor of 4853 and 23421?
211
Calculate the highest common factor of 2049 and 102.
3
What is the highest common divisor of 20368 and 5896?
536
What is the greatest common factor of 6280 and 4640?
40
What is the highest common factor of 104 and 379184?
104
Calculate the highest common factor of 80296 and 8.
8
Calculate the highest common factor of 209 and 137357.
11
What is the highest common factor of 114205 and 11375?
455
Calculate the greatest common factor of 1364 and 1705.
341
Calculate the highest common factor of 3550 and 92016.
142
What is the highest common factor of 213876 and 22464?
468
What is the highest common factor of 62759 and 6499?
97
Calculate the highest common divisor of 124581 and 58011.
951
What is the greatest common divisor of 322656 and 36?
12
What is the highest common divisor of 10328 and 8?
8
Calculate the greatest common factor of 3268 and 304.
76
Calculate the highest common divisor of 1683 and 16524.
153
What is the highest common divisor of 67165 and 172900?
665
What is the greatest common factor of 65748 and 324?
12
What is the greatest common divisor of 143 and 218515?
11
Calculate the highest common divisor of 12 and 103956.
12
Calculate the greatest common divisor of 74781 and 63.
63
Calculate the highest common factor of 254320 and 1040.
80
Calculate the highest common factor of 858 and 1914.
66
Calculate the highest common factor of 21500 and 28625.
125
Calculate the greatest common factor of 6812 and 12.
4
Calculate the greatest common divisor of 70 and 76335.
35
What is the greatest common divisor of 7015 and 22265?
305
Calculate the greatest common factor of 198 and 16587846.
198
What is the greatest common factor of 100 and 43150?
50
Calculate the highest common divisor of 115276 and 28.
28
Calculate the highest common factor of 20 and 96420.
20
Calculate the greatest common factor of 376 and 20560056.
376
Calculate the highest common divisor of 186440 and 295.
295
What is the highest common divisor of 5049 and 7667?
187
Calculate the greatest common factor of 13 and 16245476.
13
What is the highest common factor of 66211 and 803?
73
What is the highest common divisor of 201201 and 308?
77
Calculate the greatest common factor of 132440 and 56.
56
Calculate the greatest common divisor of 38962 and 594.
22
What is the highest common factor of 128279 and 148?
37
What is the highest common factor of 2231 and 29682?
97
Calculate the highest common divisor of 31265 and 740.
185
What is the greatest common factor of 291799 and 103?
103
What is the greatest common factor of 5 and 638485?
5
What is the greatest common factor of 69530 and 1250?
10
What is the highest common factor of 976 and 27088?
16
What is the greatest common factor of 6226 and 14999?
283
Calculate the highest common divisor of 54652 and 2626.
26
What is the highest common divisor of 257315 and 10?
5
Calculate the greatest common factor of 21444 and 948.
12
Calculate the greatest common divisor of 8328 and 168.
24
What is the highest common factor of 29785 and 1073?
37
Calculate the highest common factor of 15807 and 539.
11
Calculate the greatest common divisor of 2449 and 26781.
79
Calculate the highest common divisor of 266 and 2014.
38
What is the highest common factor of 6 and 3093864?
6
What is the highest common factor of 986 and 131167?
29
Calculate the greatest common divisor of 18395 and 195.
65
What is the highest common factor of 84 and 18123?
21
Calculate the greatest common divisor of 37 and 61753.
37
What is the greatest common divisor of 156696 and 24?
24
What is the highest common divisor of 100 and 893675?
25
Calculate the greatest common factor of 60 and 1060764.
12
What is the highest common divisor of 4469 and 4?
1
Calculate the highest common factor of 548067 and 207.
69
Calculate the greatest common divisor of 60216 and 741.
39
What is the greatest common factor of 1050 and 577710?
210
What is the highest common divisor of 385 and 8965?
55
What is the greatest common divisor of 932 and 763774?
466
Calculate the greatest common factor of 196 and 201684.
196
What is the highest common factor of 9725 and 1225?
25
Calculate the highest common factor of 216 and 83673.
27
What is the highest common factor of 579715 and 345?
115
Calculate the highest common factor of 93 and 20739.
93
What is the highest common divisor of 4130 and 12320?
70
Calculate the highest common factor of 142551 and 1316.
47
Calculate the greatest common divisor of 1166880 and 440.
440
What is the highest common factor of 24 and 74292?
12
What is the highest common divisor of 224 and 232?
8
Calculate the greatest common factor of 845 and 6825.
65
Calculate the highest common factor of 1029 and 65709.
147
What is the greatest common factor of 165 and 1860?
15
What is the highest common factor of 44461 and 13621?
257
Calculate the highest common divisor of 134 and 32227.
67
Calculate the highest common factor of 18 and 150120.
18
Calculate the highest common factor of 5216057 and 11.
11
Calculate the greatest common factor of 10317 and 73667.
181
What is the greatest common divisor of 392 and 1656?
8
What is the greatest common factor of 171 and 276773?
19
Calculate the greatest common factor of 22566 and 6.
6
What is the highest common factor of 374 and 105094?
374
What is the highest common divisor of 644 and 123662?
14
What is the greatest common factor of 31896 and 27?
9
Calculate the highest common factor of 592872 and 276.
12
Calculate the greatest common factor of 5552 and 1376.
16
What is the highest common factor of 21945 and 2485?
35
Calculate the highest common factor of 6293 and 2368865.
899
What is the highest common factor of 34292 and 4?
4
What is the highest common factor of 558229 and 3451?
119
Calculate the greatest common factor of 269378 and 5872.
734
Calculate the greatest common divisor of 1472 and 358616.
184
What is the highest common divisor of 3433010 and 70?
70
What is the highest common factor of 2074621 and 43?
43
Calculate the greatest common factor of 54 and 363618.
18
What is the highest common factor of 1541475 and 1054?
527
What is the greatest common factor of 2203455 and 510?
255
Calculate the greatest common factor of 475 and 34325.
25
Calculate the greatest common factor of 3 and 25059.
3
Calculate the greatest common factor of 4218 and 11433.
111
What is the highest common factor of 345503 and 214?
107
Calculate the greatest common divisor of 130661 and 1737.
193
Calculate the highest common factor of 180 and 606591.
9
Calculate the highest common factor of 95 and 1210.
5
What is the greatest common factor o